{"id":235,"date":"2024-10-06T00:00:00","date_gmt":"2023-10-06T06:48:49","guid":{"rendered":"https:\/\/wordpressthemes.live\/WCG2\/WCM38_bigshopper\/organic\/?post_type=product&#038;p=235"},"modified":"2026-01-02T09:31:59","modified_gmt":"2026-01-02T09:31:59","slug":"cauliflower-500-g-approx-450-g-500-g","status":"publish","type":"product","link":"https:\/\/herbalonline.org\/?product=cauliflower-500-g-approx-450-g-500-g","title":{"rendered":"Y\u00fcksek Proteinli So\u011fuk Kahve Kar\u0131\u015f\u0131m\u0131 Latte Macchiato 308g"},"content":{"rendered":"<div id=\"description\" class=\"tab-pane fade in active js-product-tab-active\" role=\"tabpanel\">\n<div class=\"product-description\">\n<p>Y\u00fcksek Proteinli So\u011fuk Kahve Kar\u0131\u015f\u0131m\u0131 Latte Macchiato 308g<\/p>\n<p>-D\u00fc\u015f\u00fck ya\u011f ve \u015feker ilavesi i\u00e7ermez.<\/p>\n<p>-Her porsiyonu 80 kalori ve 15 g protein i\u00e7erir.<\/p>\n<p>-Vejetaryanlar i\u00e7in uygundur.<\/p>\n<p>-80 mg kafein i\u00e7erir.<\/p>\n<p>-%100 Robusto espresso \u00e7ekirdeklerinden \u00fcretilmi\u015ftir.<\/p>\n<\/div>\n<\/div>\n","protected":false},"excerpt":{"rendered":"<ul>\n<li>Y\u00fcksek Proteinli So\u011fuk Kahve Kar\u0131\u015f\u0131m\u0131 Latte Macchiato 308g-D\u00fc\u015f\u00fck ya\u011f ve \u015feker ilavesi i\u00e7ermez.-Her porsiyonu 80 kalori ve 15 g protein i\u00e7erir.-Vejetaryanlar i\u00e7in uygundur.\n<p>-80 mg kafein i\u00e7erir.<\/p>\n<p>-%100 Robusto espresso \u00e7ekirdeklerinden \u00fcretilmi\u015ftir.<\/li>\n<li><\/li>\n<\/ul>\n","protected":false},"featured_media":1078,"comment_status":"open","ping_status":"closed","template":"","meta":{"_bst_post_transparent":"default","_bst_post_title":"","_bst_post_layout":"default","_bst_post_sidebar_id":"","_bst_post_content_style":"default","_bst_post_vertical_padding":"default","_bst_post_feature":"","_bst_post_feature_position":"","_bst_post_header":false,"_bst_post_footer":false},"product_brand":[],"product_cat":[111],"product_tag":[],"product_brands":[],"class_list":{"0":"post-235","1":"product","2":"type-product","3":"status-publish","4":"has-post-thumbnail","6":"product_cat-icecekler","8":"first","9":"instock","10":"sale","11":"featured","12":"shipping-taxable","13":"purchasable","14":"product-type-simple","15":"entry","16":"content-bg","17":"loop-entry"},"_links":{"self":[{"href":"https:\/\/herbalonline.org\/index.php?rest_route=\/wp\/v2\/product\/235","targetHints":{"allow":["GET"]}}],"collection":[{"href":"https:\/\/herbalonline.org\/index.php?rest_route=\/wp\/v2\/product"}],"about":[{"href":"https:\/\/herbalonline.org\/index.php?rest_route=\/wp\/v2\/types\/product"}],"replies":[{"embeddable":true,"href":"https:\/\/herbalonline.org\/index.php?rest_route=%2Fwp%2Fv2%2Fcomments&post=235"}],"wp:featuredmedia":[{"embeddable":true,"href":"https:\/\/herbalonline.org\/index.php?rest_route=\/wp\/v2\/media\/1078"}],"wp:attachment":[{"href":"https:\/\/herbalonline.org\/index.php?rest_route=%2Fwp%2Fv2%2Fmedia&parent=235"}],"wp:term":[{"taxonomy":"product_brand","embeddable":true,"href":"https:\/\/herbalonline.org\/index.php?rest_route=%2Fwp%2Fv2%2Fproduct_brand&post=235"},{"taxonomy":"product_cat","embeddable":true,"href":"https:\/\/herbalonline.org\/index.php?rest_route=%2Fwp%2Fv2%2Fproduct_cat&post=235"},{"taxonomy":"product_tag","embeddable":true,"href":"https:\/\/herbalonline.org\/index.php?rest_route=%2Fwp%2Fv2%2Fproduct_tag&post=235"},{"taxonomy":"product_brands","embeddable":true,"href":"https:\/\/herbalonline.org\/index.php?rest_route=%2Fwp%2Fv2%2Fproduct_brands&post=235"}],"curies":[{"name":"wp","href":"https:\/\/api.w.org\/{rel}","templated":true}]}}