{"id":246,"date":"2024-10-06T00:00:00","date_gmt":"2023-10-06T07:35:35","guid":{"rendered":"https:\/\/wordpressthemes.live\/WCG2\/WCM38_bigshopper\/organic\/?post_type=product&#038;p=246"},"modified":"2026-01-02T09:21:08","modified_gmt":"2026-01-02T09:21:08","slug":"indian-garlic-200-gapprox-750-g-6000-g","status":"publish","type":"product","link":"https:\/\/herbalonline.org\/?product=indian-garlic-200-gapprox-750-g-6000-g","title":{"rendered":"Herbalife Pro-Core Orman meyveleri aromal\u0131"},"content":{"rendered":"<p>Herbalife Pro-Core Orman meyveleri aromal\u0131<\/p>\n<p>-Y\u00fcksek miktarda C ve D vitamini, selenyum ve \u00c7inko i\u00e7erir.<\/p>\n<p>-Ba\u011f\u0131\u015f\u0131kl\u0131k sistemine destek olur.<\/p>\n<p>-EpiCor ile form\u00fcle edilmi\u015ftir.<\/p>\n<p>-Glutensiz ve Vegand\u0131r.<\/p>\n<p>-Oksidatif strese kar\u015f\u0131 koruma sa\u011flar.<\/p>\n","protected":false},"excerpt":{"rendered":"<ul>\n<li>Herbalife Pro-Core Orman meyveleri aromal\u0131-Y\u00fcksek miktarda C ve D vitamini, selenyum ve \u00c7inko i\u00e7erir.-Ba\u011f\u0131\u015f\u0131kl\u0131k sistemine destek olur.-EpiCor ile form\u00fcle edilmi\u015ftir.\n<p>-Glutensiz ve Vegand\u0131r.<\/p>\n<p>-Oksidatif strese kar\u015f\u0131 koruma sa\u011flar.<\/li>\n<\/ul>\n","protected":false},"featured_media":1065,"comment_status":"open","ping_status":"closed","template":"","meta":{"_bst_post_transparent":"default","_bst_post_title":"","_bst_post_layout":"default","_bst_post_sidebar_id":"","_bst_post_content_style":"default","_bst_post_vertical_padding":"default","_bst_post_feature":"","_bst_post_feature_position":"","_bst_post_header":false,"_bst_post_footer":false},"product_brand":[],"product_cat":[114],"product_tag":[],"product_brands":[],"class_list":{"0":"post-246","1":"product","2":"type-product","3":"status-publish","4":"has-post-thumbnail","6":"product_cat-takviye","8":"first","9":"instock","10":"sale","11":"featured","12":"shipping-taxable","13":"purchasable","14":"product-type-simple","15":"entry","16":"content-bg","17":"loop-entry"},"_links":{"self":[{"href":"https:\/\/herbalonline.org\/index.php?rest_route=\/wp\/v2\/product\/246","targetHints":{"allow":["GET"]}}],"collection":[{"href":"https:\/\/herbalonline.org\/index.php?rest_route=\/wp\/v2\/product"}],"about":[{"href":"https:\/\/herbalonline.org\/index.php?rest_route=\/wp\/v2\/types\/product"}],"replies":[{"embeddable":true,"href":"https:\/\/herbalonline.org\/index.php?rest_route=%2Fwp%2Fv2%2Fcomments&post=246"}],"wp:featuredmedia":[{"embeddable":true,"href":"https:\/\/herbalonline.org\/index.php?rest_route=\/wp\/v2\/media\/1065"}],"wp:attachment":[{"href":"https:\/\/herbalonline.org\/index.php?rest_route=%2Fwp%2Fv2%2Fmedia&parent=246"}],"wp:term":[{"taxonomy":"product_brand","embeddable":true,"href":"https:\/\/herbalonline.org\/index.php?rest_route=%2Fwp%2Fv2%2Fproduct_brand&post=246"},{"taxonomy":"product_cat","embeddable":true,"href":"https:\/\/herbalonline.org\/index.php?rest_route=%2Fwp%2Fv2%2Fproduct_cat&post=246"},{"taxonomy":"product_tag","embeddable":true,"href":"https:\/\/herbalonline.org\/index.php?rest_route=%2Fwp%2Fv2%2Fproduct_tag&post=246"},{"taxonomy":"product_brands","embeddable":true,"href":"https:\/\/herbalonline.org\/index.php?rest_route=%2Fwp%2Fv2%2Fproduct_brands&post=246"}],"curies":[{"name":"wp","href":"https:\/\/api.w.org\/{rel}","templated":true}]}}